{"id":1962,"date":"2022-10-24T13:47:29","date_gmt":"2022-10-24T13:47:29","guid":{"rendered":"https:\/\/theme.madsparrow.me\/most\/?page_id=1962"},"modified":"2024-12-12T19:55:21","modified_gmt":"2024-12-12T19:55:21","slug":"ptc-2025","status":"publish","type":"page","link":"https:\/\/sedecotlaxcala.gob.mx\/2025\/ptc-2025\/","title":{"rendered":"Premio Tlaxcala a la Competitividad 2025\u200b"},"content":{"rendered":"\t\t<div data-elementor-type=\"wp-page\" data-elementor-id=\"1962\" class=\"elementor elementor-1962\">\n\t\t\t\t<div class=\"elementor-element elementor-element-5c29a17 e-grid e-con-full e-con e-parent\" data-id=\"5c29a17\" data-element_type=\"container\" data-e-type=\"container\" data-settings=\"{&quot;background_background&quot;:&quot;video&quot;,&quot;background_video_link&quot;:&quot;https:\\\/\\\/youtu.be\\\/R0ogKcOCoNg&quot;}\">\n\t\t<div class=\"elementor-background-video-container elementor-hidden-mobile\">\n\t\t\t\t\t\t\t<div class=\"elementor-background-video-embed\" role=\"presentation\"><\/div>\n\t\t\t\t\t\t<\/div>\t\t<div class=\"elementor-element elementor-element-058412a elementor-widget elementor-widget-heading\" data-id=\"058412a\" data-element_type=\"widget\" data-e-type=\"widget\" data-widget_type=\"heading.default\">\n\t\t\t\t<div class=\"elementor-widget-container\">\n\t\t\t\t\t<h2 class=\"elementor-heading-title elementor-size-default\"><h1 style=\"color: white\">Premio Tlaxcala a la Competitividad 2024<\/h1><br>\n<h5 style=\"color: white\">En Tlaxcala, reconocemos el impulso de quienes transforman nuestra econom\u00eda. La competitividad no es solo un objetivo, es nuestro compromiso.<\/h5><br>\n\n<h5 style=\"color: white\">Este a\u00f1o, en la 17\u00aa edici\u00f3n del Premio Tlaxcala a la Competitividad, celebramos a empresas que marcan la diferencia. Bayer de M\u00e9xico y Lear Corporation - Planta Huamantla reciben el galard\u00f3n como grandes empresas, representando la innovaci\u00f3n y el esfuerzo que nos impulsa.<\/h5><br>\n\n<h5 style=\"color: white\">Un equipo de 18 profesionales, expertos evaluadores, han sido clave en este reconocimiento. Su riguroso trabajo garantiza que solo lo mejor de Tlaxcala sea galardonado.<\/h5>\n<br>\n<h5 style=\"color: white\">Este premio es m\u00e1s que un reconocimiento: es un instrumento para fortalecer nuestra industria, modernizar nuestras organizaciones y potenciar la competitividad de Tlaxcala.<\/h5><br>\n\n<h5 style=\"color: white\">Tlaxcala una nueva historia.<\/h5><\/h2>\t\t\t\t<\/div>\n\t\t\t\t<\/div>\n\t\t\t\t<\/div>\n\t\t\t\t<section class=\"elementor-section elementor-top-section elementor-element elementor-element-dc57ea0 elementor-hidden-mobile elementor-section-full_width elementor-section-height-default elementor-section-height-default\" data-id=\"dc57ea0\" data-element_type=\"section\" data-e-type=\"section\">\n\t\t\t\t\t\t<div class=\"elementor-container elementor-column-gap-extended\">\n\t\t\t\t\t<div class=\"elementor-column elementor-col-100 elementor-top-column elementor-element elementor-element-cfda745\" data-id=\"cfda745\" data-element_type=\"column\" data-e-type=\"column\">\n\t\t\t<div class=\"elementor-widget-wrap elementor-element-populated\">\n\t\t\t\t\t\t<section class=\"elementor-section elementor-inner-section elementor-element elementor-element-fbd9c1d elementor-section-full_width elementor-section-height-default elementor-section-height-default\" data-id=\"fbd9c1d\" data-element_type=\"section\" data-e-type=\"section\">\n\t\t\t\t\t\t<div class=\"elementor-container elementor-column-gap-no\">\n\t\t\t\t\t<div class=\"elementor-column elementor-col-33 elementor-inner-column elementor-element elementor-element-5b0ad82\" data-id=\"5b0ad82\" data-element_type=\"column\" data-e-type=\"column\">\n\t\t\t<div class=\"elementor-widget-wrap\">\n\t\t\t\t\t\t\t<\/div>\n\t\t<\/div>\n\t\t\t\t<div class=\"elementor-column elementor-col-66 elementor-inner-column elementor-element elementor-element-8251eec\" data-id=\"8251eec\" data-element_type=\"column\" data-e-type=\"column\">\n\t\t\t<div class=\"elementor-widget-wrap elementor-element-populated\">\n\t\t\t\t\t\t<div class=\"elementor-element elementor-element-7c5e0a8 elementor-widget elementor-widget-heading\" data-id=\"7c5e0a8\" data-element_type=\"widget\" data-e-type=\"widget\" data-widget_type=\"heading.default\">\n\t\t\t\t<div class=\"elementor-widget-container\">\n\t\t\t\t\t<h1 class=\"elementor-heading-title elementor-size-default\">CONVOCATORIA 2025<\/h1>\t\t\t\t<\/div>\n\t\t\t\t<\/div>\n\t\t\t\t\t<\/div>\n\t\t<\/div>\n\t\t\t\t\t<\/div>\n\t\t<\/section>\n\t\t\t\t<div class=\"elementor-element elementor-element-295baf1 elementor-widget elementor-widget-image\" data-id=\"295baf1\" data-element_type=\"widget\" data-e-type=\"widget\" data-widget_type=\"image.default\">\n\t\t\t\t<div class=\"elementor-widget-container\">\n\t\t\t\t\t\t\t\t\t\t\t\t\t\t\t\t<a href=\"https:\/\/onedrive.live.com\/?authkey=%21AL5L6%5FbXFBAa5kQ&id=8EA0AE57D008A61D%2190009&cid=8EA0AE57D008A61D\">\n\t\t\t\t\t\t\t<img fetchpriority=\"high\" decoding=\"async\" width=\"2560\" height=\"947\" src=\"https:\/\/sedecotlaxcala.gob.mx\/2025\/wp-content\/uploads\/2024\/12\/PREMIO-TLAXCALA-A-LA-COMPETITIVIDAD-2024-1-scaled.jpg\" class=\"attachment-full size-full wp-image-3598\" alt=\"\" srcset=\"https:\/\/sedecotlaxcala.gob.mx\/2025\/wp-content\/uploads\/2024\/12\/PREMIO-TLAXCALA-A-LA-COMPETITIVIDAD-2024-1-scaled.jpg 2560w, https:\/\/sedecotlaxcala.gob.mx\/2025\/wp-content\/uploads\/2024\/12\/PREMIO-TLAXCALA-A-LA-COMPETITIVIDAD-2024-1-300x111.jpg 300w, https:\/\/sedecotlaxcala.gob.mx\/2025\/wp-content\/uploads\/2024\/12\/PREMIO-TLAXCALA-A-LA-COMPETITIVIDAD-2024-1-1024x379.jpg 1024w, https:\/\/sedecotlaxcala.gob.mx\/2025\/wp-content\/uploads\/2024\/12\/PREMIO-TLAXCALA-A-LA-COMPETITIVIDAD-2024-1-768x284.jpg 768w, https:\/\/sedecotlaxcala.gob.mx\/2025\/wp-content\/uploads\/2024\/12\/PREMIO-TLAXCALA-A-LA-COMPETITIVIDAD-2024-1-1536x568.jpg 1536w, https:\/\/sedecotlaxcala.gob.mx\/2025\/wp-content\/uploads\/2024\/12\/PREMIO-TLAXCALA-A-LA-COMPETITIVIDAD-2024-1-2048x758.jpg 2048w, https:\/\/sedecotlaxcala.gob.mx\/2025\/wp-content\/uploads\/2024\/12\/PREMIO-TLAXCALA-A-LA-COMPETITIVIDAD-2024-1-400x148.jpg 400w, https:\/\/sedecotlaxcala.gob.mx\/2025\/wp-content\/uploads\/2024\/12\/PREMIO-TLAXCALA-A-LA-COMPETITIVIDAD-2024-1-1120x414.jpg 1120w\" sizes=\"(max-width: 2560px) 100vw, 2560px\" \/>\t\t\t\t\t\t\t\t<\/a>\n\t\t\t\t\t\t\t\t\t\t\t\t\t\t\t<\/div>\n\t\t\t\t<\/div>\n\t\t\t\t<div class=\"elementor-element elementor-element-8c3eb37 elementor-widget elementor-widget-spacer\" data-id=\"8c3eb37\" data-element_type=\"widget\" data-e-type=\"widget\" data-widget_type=\"spacer.default\">\n\t\t\t\t<div class=\"elementor-widget-container\">\n\t\t\t\t\t\t\t<div class=\"elementor-spacer\">\n\t\t\t<div class=\"elementor-spacer-inner\"><\/div>\n\t\t<\/div>\n\t\t\t\t\t\t<\/div>\n\t\t\t\t<\/div>\n\t\t\t\t<section class=\"elementor-section elementor-inner-section elementor-element elementor-element-ded6096 elementor-section-full_width elementor-section-height-default elementor-section-height-default\" data-id=\"ded6096\" data-element_type=\"section\" data-e-type=\"section\">\n\t\t\t\t\t\t<div class=\"elementor-container elementor-column-gap-no\">\n\t\t\t\t\t<div class=\"elementor-column elementor-col-33 elementor-inner-column elementor-element elementor-element-e73fe35\" data-id=\"e73fe35\" data-element_type=\"column\" data-e-type=\"column\">\n\t\t\t<div class=\"elementor-widget-wrap\">\n\t\t\t\t\t\t\t<\/div>\n\t\t<\/div>\n\t\t\t\t<div class=\"elementor-column elementor-col-66 elementor-inner-column elementor-element elementor-element-6b1630a\" data-id=\"6b1630a\" data-element_type=\"column\" data-e-type=\"column\">\n\t\t\t<div class=\"elementor-widget-wrap elementor-element-populated\">\n\t\t\t\t\t\t<div class=\"elementor-element elementor-element-7b9e8fe elementor-widget elementor-widget-heading\" data-id=\"7b9e8fe\" data-element_type=\"widget\" data-e-type=\"widget\" data-widget_type=\"heading.default\">\n\t\t\t\t<div class=\"elementor-widget-container\">\n\t\t\t\t\t<h1 class=\"elementor-heading-title elementor-size-default\">TESTIMONIO 2023<\/h1>\t\t\t\t<\/div>\n\t\t\t\t<\/div>\n\t\t\t\t\t<\/div>\n\t\t<\/div>\n\t\t\t\t\t<\/div>\n\t\t<\/section>\n\t\t\t\t<div class=\"elementor-element elementor-element-f76548a elementor-widget elementor-widget-video\" data-id=\"f76548a\" data-element_type=\"widget\" data-e-type=\"widget\" data-settings=\"{&quot;youtube_url&quot;:&quot;https:\\\/\\\/youtu.be\\\/ylUz55Te_pA&quot;,&quot;yt_privacy&quot;:&quot;yes&quot;,&quot;video_type&quot;:&quot;youtube&quot;,&quot;controls&quot;:&quot;yes&quot;}\" data-widget_type=\"video.default\">\n\t\t\t\t<div class=\"elementor-widget-container\">\n\t\t\t\t\t\t\t<div class=\"elementor-wrapper elementor-open-inline\">\n\t\t\t<div class=\"elementor-video\"><\/div>\t\t<\/div>\n\t\t\t\t\t\t<\/div>\n\t\t\t\t<\/div>\n\t\t\t\t\t<\/div>\n\t\t<\/div>\n\t\t\t\t\t<\/div>\n\t\t<\/section>\n\t\t\t\t<section class=\"elementor-section elementor-top-section elementor-element elementor-element-1ad24ac elementor-section-full_width elementor-section-height-default elementor-section-height-default\" data-id=\"1ad24ac\" data-element_type=\"section\" data-e-type=\"section\" data-settings=\"{&quot;background_background&quot;:&quot;video&quot;}\">\n\t\t\t\t\t\t<div class=\"elementor-container elementor-column-gap-extended\">\n\t\t\t\t\t<div class=\"elementor-column elementor-col-100 elementor-top-column elementor-element elementor-element-b75560f\" data-id=\"b75560f\" data-element_type=\"column\" data-e-type=\"column\">\n\t\t\t<div class=\"elementor-widget-wrap elementor-element-populated\">\n\t\t\t\t\t\t<div class=\"elementor-element elementor-element-c82785d elementor-widget elementor-widget-spacer\" data-id=\"c82785d\" data-element_type=\"widget\" data-e-type=\"widget\" data-widget_type=\"spacer.default\">\n\t\t\t\t<div class=\"elementor-widget-container\">\n\t\t\t\t\t\t\t<div class=\"elementor-spacer\">\n\t\t\t<div class=\"elementor-spacer-inner\"><\/div>\n\t\t<\/div>\n\t\t\t\t\t\t<\/div>\n\t\t\t\t<\/div>\n\t\t\t\t<section class=\"elementor-section elementor-inner-section elementor-element elementor-element-c2bd627 elementor-section-full_width elementor-section-height-default elementor-section-height-default\" data-id=\"c2bd627\" data-element_type=\"section\" data-e-type=\"section\">\n\t\t\t\t\t\t<div class=\"elementor-container elementor-column-gap-no\">\n\t\t\t\t\t<div class=\"elementor-column elementor-col-33 elementor-inner-column elementor-element elementor-element-ede9652\" data-id=\"ede9652\" data-element_type=\"column\" data-e-type=\"column\">\n\t\t\t<div class=\"elementor-widget-wrap elementor-element-populated\">\n\t\t\t\t\t\t<div class=\"elementor-element elementor-element-ce221f9 elementor-widget elementor-widget-heading\" data-id=\"ce221f9\" data-element_type=\"widget\" data-e-type=\"widget\" data-widget_type=\"heading.default\">\n\t\t\t\t<div class=\"elementor-widget-container\">\n\t\t\t\t\t<h4 class=\"elementor-heading-title elementor-size-default\">CEREMONIA<\/h4>\t\t\t\t<\/div>\n\t\t\t\t<\/div>\n\t\t\t\t\t<\/div>\n\t\t<\/div>\n\t\t\t\t<div class=\"elementor-column elementor-col-66 elementor-inner-column elementor-element elementor-element-de938f4\" data-id=\"de938f4\" data-element_type=\"column\" data-e-type=\"column\">\n\t\t\t<div class=\"elementor-widget-wrap elementor-element-populated\">\n\t\t\t\t\t\t<div class=\"elementor-element elementor-element-ab8e8ef elementor-widget elementor-widget-heading\" data-id=\"ab8e8ef\" data-element_type=\"widget\" data-e-type=\"widget\" data-widget_type=\"heading.default\">\n\t\t\t\t<div class=\"elementor-widget-container\">\n\t\t\t\t\t<h1 class=\"elementor-heading-title elementor-size-default\">GANADORES 2024<\/h1>\t\t\t\t<\/div>\n\t\t\t\t<\/div>\n\t\t\t\t\t<\/div>\n\t\t<\/div>\n\t\t\t\t\t<\/div>\n\t\t<\/section>\n\t\t\t\t<div class=\"elementor-element elementor-element-073cd0c elementor-widget elementor-widget-spacer\" data-id=\"073cd0c\" data-element_type=\"widget\" data-e-type=\"widget\" data-widget_type=\"spacer.default\">\n\t\t\t\t<div class=\"elementor-widget-container\">\n\t\t\t\t\t\t\t<div class=\"elementor-spacer\">\n\t\t\t<div class=\"elementor-spacer-inner\"><\/div>\n\t\t<\/div>\n\t\t\t\t\t\t<\/div>\n\t\t\t\t<\/div>\n\t\t\t\t<section class=\"elementor-section elementor-inner-section elementor-element elementor-element-c615cc9 elementor-section-full_width elementor-section-height-default elementor-section-height-default\" data-id=\"c615cc9\" data-element_type=\"section\" data-e-type=\"section\">\n\t\t\t\t\t\t<div class=\"elementor-container elementor-column-gap-no\">\n\t\t\t\t\t<div class=\"elementor-column elementor-col-50 elementor-inner-column elementor-element elementor-element-d9cb8b6\" data-id=\"d9cb8b6\" data-element_type=\"column\" data-e-type=\"column\">\n\t\t\t<div class=\"elementor-widget-wrap elementor-element-populated\">\n\t\t\t\t\t\t<div class=\"elementor-element elementor-element-d3f8bb8 elementor-widget elementor-widget-video\" data-id=\"d3f8bb8\" data-element_type=\"widget\" data-e-type=\"widget\" data-settings=\"{&quot;youtube_url&quot;:&quot;https:\\\/\\\/youtu.be\\\/mMtrkbFP-O8&quot;,&quot;video_type&quot;:&quot;youtube&quot;,&quot;controls&quot;:&quot;yes&quot;}\" data-widget_type=\"video.default\">\n\t\t\t\t<div class=\"elementor-widget-container\">\n\t\t\t\t\t\t\t<div class=\"elementor-wrapper elementor-open-inline\">\n\t\t\t<div class=\"elementor-video\"><\/div>\t\t<\/div>\n\t\t\t\t\t\t<\/div>\n\t\t\t\t<\/div>\n\t\t\t\t<div class=\"elementor-element elementor-element-54213fa elementor-widget elementor-widget-spacer\" data-id=\"54213fa\" data-element_type=\"widget\" data-e-type=\"widget\" data-widget_type=\"spacer.default\">\n\t\t\t\t<div class=\"elementor-widget-container\">\n\t\t\t\t\t\t\t<div class=\"elementor-spacer\">\n\t\t\t<div class=\"elementor-spacer-inner\"><\/div>\n\t\t<\/div>\n\t\t\t\t\t\t<\/div>\n\t\t\t\t<\/div>\n\t\t\t\t\t<\/div>\n\t\t<\/div>\n\t\t\t\t<div class=\"elementor-column elementor-col-50 elementor-inner-column elementor-element elementor-element-0d66e74\" data-id=\"0d66e74\" data-element_type=\"column\" data-e-type=\"column\">\n\t\t\t<div class=\"elementor-widget-wrap elementor-element-populated\">\n\t\t\t\t\t\t<div class=\"elementor-element elementor-element-38cb606 elementor-widget elementor-widget-video\" data-id=\"38cb606\" data-element_type=\"widget\" data-e-type=\"widget\" data-settings=\"{&quot;youtube_url&quot;:&quot;https:\\\/\\\/youtu.be\\\/96rohbbQHTg&quot;,&quot;video_type&quot;:&quot;youtube&quot;,&quot;controls&quot;:&quot;yes&quot;}\" data-widget_type=\"video.default\">\n\t\t\t\t<div class=\"elementor-widget-container\">\n\t\t\t\t\t\t\t<div class=\"elementor-wrapper elementor-open-inline\">\n\t\t\t<div class=\"elementor-video\"><\/div>\t\t<\/div>\n\t\t\t\t\t\t<\/div>\n\t\t\t\t<\/div>\n\t\t\t\t<div class=\"elementor-element elementor-element-81fc1df elementor-widget elementor-widget-spacer\" data-id=\"81fc1df\" data-element_type=\"widget\" data-e-type=\"widget\" data-widget_type=\"spacer.default\">\n\t\t\t\t<div class=\"elementor-widget-container\">\n\t\t\t\t\t\t\t<div class=\"elementor-spacer\">\n\t\t\t<div class=\"elementor-spacer-inner\"><\/div>\n\t\t<\/div>\n\t\t\t\t\t\t<\/div>\n\t\t\t\t<\/div>\n\t\t\t\t\t<\/div>\n\t\t<\/div>\n\t\t\t\t\t<\/div>\n\t\t<\/section>\n\t\t\t\t\t<\/div>\n\t\t<\/div>\n\t\t\t\t\t<\/div>\n\t\t<\/section>\n\t\t\t\t<\/div>\n\t\t","protected":false},"excerpt":{"rendered":"<p>Premio Tlaxcala a la Competitividad 2024 En Tlaxcala, reconocemos el impulso de quienes transforman nuestra econom\u00eda. La competitividad no es solo un objetivo, es [&hellip;]<\/p>\n","protected":false},"author":1,"featured_media":0,"parent":0,"menu_order":0,"comment_status":"closed","ping_status":"closed","template":"page-custom.php","meta":{"footnotes":""},"class_list":["post-1962","page","type-page","status-publish","hentry"],"aioseo_notices":[],"_links":{"self":[{"href":"https:\/\/sedecotlaxcala.gob.mx\/2025\/wp-json\/wp\/v2\/pages\/1962","targetHints":{"allow":["GET"]}}],"collection":[{"href":"https:\/\/sedecotlaxcala.gob.mx\/2025\/wp-json\/wp\/v2\/pages"}],"about":[{"href":"https:\/\/sedecotlaxcala.gob.mx\/2025\/wp-json\/wp\/v2\/types\/page"}],"author":[{"embeddable":true,"href":"https:\/\/sedecotlaxcala.gob.mx\/2025\/wp-json\/wp\/v2\/users\/1"}],"replies":[{"embeddable":true,"href":"https:\/\/sedecotlaxcala.gob.mx\/2025\/wp-json\/wp\/v2\/comments?post=1962"}],"version-history":[{"count":19,"href":"https:\/\/sedecotlaxcala.gob.mx\/2025\/wp-json\/wp\/v2\/pages\/1962\/revisions"}],"predecessor-version":[{"id":3619,"href":"https:\/\/sedecotlaxcala.gob.mx\/2025\/wp-json\/wp\/v2\/pages\/1962\/revisions\/3619"}],"wp:attachment":[{"href":"https:\/\/sedecotlaxcala.gob.mx\/2025\/wp-json\/wp\/v2\/media?parent=1962"}],"curies":[{"name":"wp","href":"https:\/\/api.w.org\/{rel}","templated":true}]}}